17473?
101, 173
List the prime factors of 13940.
2, 5, 17, 41
What are the prime factors of 94952?
2, 11, 13, 83
What are the prime factors of 148771?
7, 53, 401
What are the prime factors of 1163?
1163
What are the prime factors of 1602?
2, 3, 89
List the prime factors of 25361.
7, 3623
List the prime factors of 3864.
2, 3, 7, 23
What are the prime factors of 58363?
58363
List the prime factors of 953.
953
What are the prime factors of 6609?
3, 2203
What are the prime factors of 12010?
2, 5, 1201
What are the prime factors of 10304?
2, 7, 23
What are the prime factors of 3262?
2, 7, 233
List the prime factors of 1951.
1951
List the prime factors of 1843.
19, 97
What are the prime factors of 3293?
37, 89
What are the prime factors of 372?
2, 3, 31
What are the prime factors of 6706?
2, 7, 479
List the prime factors of 264.
2, 3, 11
What are the prime factors of 893?
19, 47
List the prime factors of 176.
2, 11
What are the prime factors of 9433?
9433
List the prime factors of 1356.
2, 3, 113
What are the prime factors of 13839?
3, 7, 659
What are the prime factors of 2038?
2, 1019
List the prime factors of 11506.
2, 11, 523
List the prime factors of 1063.
1063
List the prime factors of 765.
3, 5, 17
What are the prime factors of 29907?
3, 3323
List the prime factors of 116323.
89, 1307
What are the prime factors of 74102?
2, 7, 67, 79
List the prime factors of 37576.
2, 7, 11, 61
List the prime factors of 9347.
13, 719
What are the prime factors of 41276?
2, 17, 607
List the prime factors of 39178.
2, 19, 1031
What are the prime factors of 145763?
71, 2053
List the prime factors of 2418.
2, 3, 13, 31
What are the prime factors of 16682?
2, 19, 439
List the prime factors of 4051.
4051
What are the prime factors of 13626?
2, 3, 757
List the prime factors of 19202.
2, 9601
What are the prime factors of 3673?
3673
List the prime factors of 50.
2, 5
List the prime factors of 56686.
2, 7, 4049
List the prime factors of 551.
19, 29
What are the prime factors of 3256?
2, 11, 37
List the prime factors of 5144.
2, 643
What are the prime factors of 4817?
4817
What are the prime factors of 598?
2, 13, 23
What are the prime factors of 64267?
7, 9181
List the prime factors of 7724.
2, 1931
List the prime factors of 631.
631
What are the prime factors of 9539?
9539
List the prime factors of 32618.
2, 47, 347
What are the prime factors of 16010?
2, 5, 1601
What are the prime factors of 888?
2, 3, 37
What are the prime factors of 1465?
5, 293
List the prime factors of 3522.
2, 3, 587
List the prime factors of 112.
2, 7
List the prime factors of 966.
2, 3, 7, 23
List the prime factors of 18183.
3, 11, 19, 29
List the prime factors of 79613.
79613
What are the prime factors of 18040?
2, 5, 11, 41
What are the prime factors of 41187?
3, 13729
What are the prime factors of 32707?
32707
List the prime factors of 1703.
13, 131
What are the prime factors of 107?
107
List the prime factors of 27180.
2, 3, 5, 151
List the prime factors of 7928.
2, 991
List the prime factors of 2718.
2, 3, 151
What are the prime factors of 10430?
2, 5, 7, 149
List the prime factors of 1750.
2, 5, 7
What are the prime factors of 1001?
7, 11, 13
List the prime factors of 8966.
2, 4483
What are the prime factors of 137?
137
List the prime factors of 9362.
2, 31, 151
List the prime factors of 985.
5, 197
What are the prime factors of 1941?
3, 647
List the prime factors of 3059.
7, 19, 23
List the prime factors of 65818.
2, 32909
List the prime factors of 709.
709
What are the prime factors of 75976?
2, 9497
List the prime factors of 1632.
2, 3, 17
What are the prime factors of 19346?
2, 17, 569
List the prime factors of 4297.
4297
List the prime factors of 72861.
3, 149, 163
List the prime factors of 60926.
2, 41, 743
What are the prime factors of 10736?
2, 11, 61
What are the prime factors of 1909?
23, 83
What are the prime factors of 2426?
2, 1213
What are the prime factors of 774?
2, 3, 43
List the prime factors of 39505.
5, 7901
What are the prime factors of 1246?
2, 7, 89
List the prime factors of 127.
127
What are the prime factors of 768?
2, 3
What are the prime factors of 10564?
2, 19, 139
What are the prime factors of 2235?
3, 5, 149
List the prime factors of 3246.
2, 3, 541
What are the prime factors of 1192?
2, 149
What are the prime factors of 1546?
2, 773
List the prime factors of 2076.
2, 3, 173
List the prime factors of 655.
5, 131
List the prime factors of 1044.
2, 3, 29
What are the prime factors of 176996?
2, 44249
List the prime factors of 355.
5, 71
List the prime factors of 6452.
2, 1613
What are the prime factors of 3049?
3049
List the prime factors of 43972.
2, 10993
List the prime factors of 989.
23, 43
What are the prime factors of 13670?
2, 5, 1367
What are the prime factors of 2132?
2, 13, 41
List the prime factors of 545.
5, 109
List the prime factors of 83488.
2, 2609
What are the prime factors of 21841?
21841
What are the prime factors of 2477?
2477
What are the prime factors of 5835?
3, 5, 389
List the prime factors of 14517.
3, 1613
List the prime factors of 18573.
3, 41, 151
List the prime factors of 54021.
3, 11, 1637
What are the prime factors of 959?
7, 137
What are the prime factors of 1729?
7, 13, 19
What are the prime factors of 3599?
59, 61
List the prime factors of 1029.
3, 7
List the prime factors of 1734.
2, 3, 17
What are the prime factors of 1476?
2, 3, 41
List the prime factors of 6508.
2, 1627
What are the prime factors of 74398?
2, 37199
List the prime factors of 55513.
43, 1291
List the prime factors of 2872.
2, 359
List the prime factors of 99658.
2, 13, 3833
List the prime factors of 73.
73
What are the prime factors of 1902?
2, 3, 317
What are the prime factors of 4921?
7, 19, 37
What are the prime factors of 407?
11, 37
List the prime factors of 28399.
7, 4057
What are the prime factors of 4177?
4177
List the prime factors of 1951.
1951
What are the prime factors of 3494?
2, 1747
What are the prime factors of 1661?
11, 151
What are the prime factors of 34358?
2, 41, 419
What are the prime factors of 111134?
2, 181, 307
List the prime factors of 12578.
2, 19, 331
List the prime factors of 20717.
20717
List the prime factors of 64150.
2, 5, 1283
What are the prime factors of 248?
2, 31
What are the prime factors of 14230?
2, 5, 1423
What are the prime factors of 778?
2, 389
What are the prime factors of 10706?
2, 53, 101
List the prime factors of 2031.
3, 677
What are the prime factors of 41854?
2, 17, 1231
What are the prime factors of 9575?
5, 383
List the prime factors of 857.
857
List the prime factors of 22284.
2, 3, 619
List the prime factors of 34991.
11, 3181
What are the prime factors of 76184?
2, 89, 107
List the prime factors of 217.
7, 31
List the prime factors of 81586.
2, 19, 113
List the prime factors of 11520.
2, 3, 5
List the prime factors of 7138.
2, 43, 83
What are the prime factors of 1506?
2, 3, 251
List the prime factors of 7082.
2, 3541
List the prime factors of 752.
2, 47
What are the prime factors of 17058?
2, 3, 2843
List the prime factors of 505.
5, 101
List the prime factors of 3054.
2, 3, 509
What are the prime factors of 3045?
3, 5, 7, 29
List the prime factors of 525.
3, 5, 7
What are the prime factors of 5831?
7, 17
List the prime factors of 630.
2, 3, 5, 7
What are the prime factors of 4897?
59, 83
List the prime factors of 31747.
53, 599
List the prime factors of 938.
2, 7, 67
What are the prime factors of 722?
2, 19
List the prime factors of 36327.
3, 12109
List the prime factors of 298.
2, 149
List the prime factors of 726.
2, 3, 11
What are the prime factors of 309?
3, 103
What are the prime factors of 3203?
3203
List the prime factors of 1762.
2, 881
What are the prime factors of 3135?
3, 5, 11, 19
What are the prime factors of 46705?
5, 9341
List the prime factors of 38184.
2, 3, 37, 43
What are the prime factors of 52986?
2, 3, 8831
List the prime factors of 3670.
2, 5, 367
List the prime factors of 15492.
2, 3, 1291
List the prime factors of 5874.
2, 3, 11, 89
List the prime factors of 44123.
44123
What are the prime factors of 597?
3, 199
List the prime factors of 2724.
2, 3, 227
What are the prime factors of 21890?
2, 5, 11, 199
List the prime factors of 878.
2, 439
What are the prime factors o